t c = 11 + -5. Let b be c/8 - 108/16. List the prime factors of u(b).
7
Let k(x) = 14*x**3 + 15*x**2 - 8*x + 15. List the prime factors of k(6).
3, 11, 107
What are the prime factors of 2610 - 3 - (-12 + 13)?
2, 1303
Let g = -254 + 429. List the prime factors of g.
5, 7
Suppose 12558 = 3*s + 3*v, 0 = s + 3*v + 769 - 4955. List the prime factors of s.
2, 7, 13, 23
Let x(p) = 138*p - 97. List the prime factors of x(10).
1283
Suppose 16 = 5*r - 4*k, 4 = r - 3*k - 8. Let i = r - 2. List the prime factors of i*(265/(-10) - -2).
7
Let y(l) = 2*l**2 - 3*l - 37. List the prime factors of y(-11).
2, 7, 17
Let w be 43 + 1 + (-12)/3. Let a(j) = -j**3 - 2*j**2 + 3*j + 6. Let s be a(-4). Let z = w - s. List the prime factors of z.
2, 7
Suppose 0 = 75*n - 70*n - 320. What are the prime factors of n?
2
Let u be 6 - 2 - 9/(36/(-16)). Suppose 4*n + 8 + u = 0, -h + 116 = 3*n. What are the prime factors of h?
2
Let v = 14 - 5. Suppose 0 = 3*q + 2*j - 4 - v, -4*j = 5*q - 23. Suppose -q*s = s - 100. What are the prime factors of s?
5
Let p(s) = 4. Let q(c) = c - 5. Let t(w) = 6*p(w) + 5*q(w). List the prime factors of t(1).
2
Let l = -27 + 42. Suppose -d + 5 = -u, -4*d + l - 40 = u. Let y = u - -44. What are the prime factors of y?
5, 7
Let j = -1180 + 1860. List the prime factors of j.
2, 5, 17
Suppose 0 = -2*m + 274 + 18. Suppose 5*j - m - 4 = 0. What are the prime factors of j?
2, 3, 5
Let d = 268 + 211. What are the prime factors of d?
479
Suppose -58*v - 3330 = -64*v. List the prime factors of v.
3, 5, 37
List the prime factors of (-2)/(-4)*91600/50.
2, 229
Suppose 11*u - 6986 = 1858. What are the prime factors of u?
2, 3, 67
Let r(f) = -15*f + 26. Let n be r(11). Let k = 224 + n. What are the prime factors of k?
5, 17
Suppose -2*m = -0*m + j - 340, -170 = -m - 4*j. List the prime factors of m.
2, 5, 17
Suppose 7*w + 0*w = 0. Suppose -2*g = 2*g + 2*o - 196, -2*g + 4*o + 78 = w. What are the prime factors of g?
47
Suppose -2*m - 2*m - 4*u + 744 = 0, -5*m + 4*u + 957 = 0. What are the prime factors of m?
3, 7
Let i(m) = 10*m**3 + 4*m**2 - 2*m - 3. Let s be i(3). Suppose -s = -2*x - r, 2*x - 81 = -2*r + 215. What are the prime factors of x?
149
Suppose -d = 4*s - 640, -4*d + 180 = 2*s - 126. Suppose s + 64 = 3*c. What are the prime factors of c?
3, 5
Let f(p) = 10*p + 5. Let l be f(5). Suppose l = -z + 145. What are the prime factors of z?
2, 3, 5
Let s(b) = b + 1. Let n be s(-1). What are the prime factors of 90/3 + n/(-3)?
2, 3, 5
Suppose 0 = 3*c - 0*c - 135. Suppose 6 = 2*q + 2*v, 2*q + 4 - c = 5*v. Suppose -q*t = -13*t + 210. List the prime factors of t.
2, 3, 7
Suppose -14*a + 55 = -85. List the prime factors of 786/a + 10/25.
79
Let s = -463 - -842. What are the prime factors of s?
379
Suppose -40 = -2*d + 7*d. Let l(o) = o**3 + 7*o**2 - 9*o - 11. Let k be l(d). List the prime factors of k*((-122)/6 + 0).
61
Let g = 410 - 32. What are the prime factors of g?
2, 3, 7
Let w(c) = -7*c + c**2 + 5*c - 2*c + 8 + 0*c**2. What are the prime factors of w(-6)?
2, 17
Suppose -270 + 75 = 3*k. Let o = 133 + k. List the prime factors of o.
2, 17
Suppose -7*m - 1360 + 128 = 0. Let i = m - -357. What are the prime factors of i?
181
Let s be 24/(-10)*(-30)/12. What are the prime factors of (104/s)/(12/18)?
2, 13
Suppose -19220 = -24*g + 22012. List the prime factors of g.
2, 859
Suppose -24797 = -5*q - 947. List the prime factors of q.
2, 3, 5, 53
Let z = -3 - 0. Let d be (-1 - -3) + 3/(-1). What are the prime factors of d/z - (-29)/3?
2, 5
Let x(w) = -39*w + 915. List the prime factors of x(14).
3, 41
List the prime factors of ((-4125)/(-6) + 4)/(16/96).
3, 461
Let r(i) = -i**3 - i**2 + 2. Let b be r(0). Let l(d) = -d**2 - 7*d. Let n be l(-7). Suppose n = 3*c + b*p - 76, -3*p + 24 = c + 1. List the prime factors of c.
2, 13
Suppose 2*j - 5*o + 63 = 0, 0 = -j - 3*o - 6 - 9. Let y be 6*(-6)/27*j. Suppose -4*a + 2*p + 52 = -3*a, a - y = -3*p. What are the prime factors of a?
2, 11
Suppose 4*k - 5*n + 2105 = 8*k, k = -5*n + 530. List the prime factors of k.
3, 5, 7
Suppose 23*n = 25*n. Suppose i + 1 - 7 = n. Suppose i - 20 = -k. List the prime factors of k.
2, 7
Let f = -191 + 61. Let d = -71 - f. List the prime factors of d.
59
List the prime factors of 1310 - (-9)/((-18)/(-16)).
2, 659
Let h = 1027 + -906. Suppose 858 = 4*p + 130. Let q = p - h. What are the prime factors of q?
61
Suppose -174*r - 500 = -178*r. What are the prime factors of r?
5
Let u(j) = -24*j**2 + 1 + 1 - 99*j + j**3 + 74*j. List the prime factors of u(25).
2
Let r(x) = -2*x - 2*x + 5*x - 6. Let t be r(14). List the prime factors of (t/32)/(1/68).
17
Suppose -4*z + 7 = -5. Let w(u) = -2*u + 6*u**3 - 4*u**3 - z*u**3 - 9*u**2 + 11*u. What are the prime factors of w(-10)?
2, 5
Suppose 0 = -v - 4*v + 15. Let q(o) = o + 8. Let b be q(-13). List the prime factors of b/((-10)/122) - v.
2, 29
Let c(w) = -w**3 + w**2 - w + 1. Let z(f) = -3*f**3 - 5*f**2 - 4*f + 3. Let a(s) = c(s) + z(s). List the prime factors of a(-3).
7, 13
Let o = -530 + 972. What are the prime factors of o?
2, 13, 17
Let n be -1 + -1 - (5 + -3). What are the prime factors of ((-4)/n - -159) + 4?
2, 41
Let k = 281 + -49. Suppose -k = -7*y + 3*y. What are the prime factors of y?
2, 29
Suppose -58 = 5*l + 2*o - o, -20 = l - 4*o. Let p = l - -16. Suppose 5*w = 2*w + p*z + 94, -z = 5*w - 126. What are the prime factors of w?
2, 13
Let f(g) = 25*g**3 - 2*g**2 - 1. Let o be f(2). Suppose -q - o - 36 = -2*w, 0 = -2*w + 4*q + 230. List the prime factors of w.
113
Let o = 2 - 0. Suppose 0 = w + 4*n - 51, 2*w = -2*w + o*n + 222. What are the prime factors of w?
5, 11
Let a = 16 - 16. Suppose -2*t - 150 = -2*s - a*s, 0 = 5*s + 5*t - 325. Let u = s + -40. List the prime factors of u.
2, 3, 5
Let z(l) = l**3 - 2*l**2 - 7*l + 1. Suppose 2*d = -2*d - 112. Let o = -23 - d. List the prime factors of z(o).
41
Let f = 281 + 0. List the prime factors of f.
281
Suppose -3*a + 411 = -0*a. Suppose 0 = -6*u + 151 + a. List the prime factors of u.
2, 3
Let f = -7320 + 11321. What are the prime factors of f?
4001
Let c be 178/14 + 16/56. Suppose 2000 + 691 = c*t. What are the prime factors of t?
3, 23
Let j(q) = 4*q + 10. Let n(l) = l - 1. Let z(u) = j(u) + 5*n(u). What are the prime factors of z(8)?
7, 11
Suppose 0 = b + 70 - 212. Suppose 5*w = b + 303. What are the prime factors of w?
89
Let r be (-9)/(9/(-4)) - 4. Suppose -h + 4*h - 240 = r. List the prime factors of h.
2, 5
Let v = 9 - -10. Suppose 3*c = w + v, -2*c + 3*w = c - 21. List the prime factors of c.
2, 3
Let q(z) be the third derivative of 39*z**5/20 - z**4/8 + z**3/3 - 12*z**2. List the prime factors of q(1).
2, 29
Suppose -2*x - 162 = -g + 357, 0 = 2*g + 2*x - 1044. List the prime factors of g.
521
Suppose -127*i + 9456 = -123*i. What are the prime factors of i?
2, 3, 197
Let j(d) = d**3 - 8*d**2 - d + 13. Let q be j(9). Suppose 15 = -5*o, n + 2 = -5*o + q. What are the prime factors of n?
2, 7
Let d = -242 + 660. List the prime factors of d.
2, 11, 19
Let y = 41 - -25. Let j be (y/15)/(2/10). Let v = 57 - j. What are the prime factors of v?
5, 7
Let v be ((-18)/(-3))/((-4)/(-6)). Let m(x) = -x**3 + 10*x**2 - 9*x + 2. Let p be m(v). Suppose 4*r = p*r + 50. What are the prime factors of r?
5
Let x(i) = -i**2 - 42*i - 66. List the prime factors of x(-40).
2, 7
Let l be -9*(-14)/(-21)*(-2)/6. Suppose 4*s - d = 357, 0 = -s - 3*s - l*d + 354. List the prime factors of s.
89
Suppose 0 = 69*o - 11*o - 172608. List the prime factors of o.
2, 3, 31
Let o(j) = -j + 8. Let y be o(-17). List the prime factors of (-20)/y - (-378)/10.
37
Let g = 12 + -4. Let j(k) = -k**2 + 8*k - 2. Let d be j(g). List the prime factors of d/7 - 968/(-56).
17
Let r(w) = 6*w**3 + 10*w**2 - 12*w - 10. Let k(p) = -p**3 - 1. Let x(b) = -5*k(b) - r(b). List the prime factors of x(-11).
2
Suppose -12335 = -11*i + 6*i. List the prime factors of i.
2467
Let p = -7 - -17. What are the prime factors of 58 + -1 + p/2?
2, 31
Let m be (-540)/25*(-35)/1. Suppose 2*b + 2*b + m = 0. List the prime factors of ((-3)/3)/(3/b).
3, 7
Suppose 2*k = 4*k - 2, -4*k - 530 = -2*p. What are the prime factors of p?
3, 89
Let g(a) be the third derivative of -a**6/120 - 9*a**5/20 - 9*a**4/4 - 19*a**3/6 + 30*a**2. List the prime factors of g(-25).
3
Suppose -4